 common factor of p and w.
13
Let f be 6*2/4 + 19. What is the greatest common divisor of 2 and f?
2
Suppose -5 = -5*b + 65. Suppose -r + b = -28. Calculate the highest common factor of r and 6.
6
Let y(z) = z + 9. Let b be y(-5). Suppose -5*s = 5*h - b*s - 43, -51 = -5*h + 3*s. What is the greatest common divisor of h and 9?
9
Let u(z) = 43*z + 11. Let w be u(3). What is the highest common divisor of 20 and w?
20
Let t = 145 + -90. Calculate the highest common factor of t and 11.
11
Suppose -5*l + 14 = 2*c, 0*l + 4 = 2*l. Suppose -5*j - 2*s - c*s = -579, 3*s = -5*j + 583. What is the greatest common factor of j and 17?
17
Let i(g) = 2*g**3 - 4*g**2 + 2*g - 4. Let r be 2/(-2) + 3 + -8. Let j be (-4)/r*(-27)/(-6). Let d be i(j). What is the highest common factor of 50 and d?
10
Let k(h) = h + 2. Let f(c) = 3*c + 6. Let t(j) = -4*f(j) + 11*k(j). Let z be t(-13). Calculate the highest common factor of z and 77.
11
Let a = -70 + 2. Let k = a - -37. Let r = k - -59. What is the highest common factor of r and 70?
14
Let t(w) = 17*w**2 - 3*w. Let a be t(3). Suppose -4*i + a = -5*c, 4*c = -4*i + 20 + 124. What is the greatest common divisor of 12 and i?
12
Let d = 12 + -5. Suppose -3*u + 0 = -84. Calculate the greatest common divisor of d and u.
7
Suppose -t - 5 = -5*s + 2*t, -2*t = -5*s. Suppose 2*u + 3*u - 75 = 0. Let r = u + s. Calculate the greatest common divisor of r and 26.
13
Let n = 117 - 107. Suppose 51 = 2*k - 3*u - 100, -403 = -5*k - u. What is the greatest common factor of n and k?
10
Suppose 3*y + 7*b - 4 = 5*b, 4*b = -4*y + 4. Calculate the greatest common divisor of y and 22.
2
Let j be 2*-3*(-3 + 2). Let c(z) = 23*z - 3. Let m be c(3). Calculate the highest common factor of m and j.
6
Let h be 69/21 - (-8)/(-28). Calculate the greatest common divisor of 6 and h.
3
Let n(r) = -r**3 - 4*r**2 - 5*r - 2. Let q be n(-3). Let h = -6 - -50. Calculate the highest common divisor of h and q.
4
Suppose -6 - 127 = -7*o. Calculate the greatest common factor of o and 19.
19
Suppose 0 = -0*n - n - d + 3, -5 = 3*n - 4*d. What is the greatest common divisor of n and 1?
1
Let g = -19 + 46. What is the highest common factor of g and 243?
27
Suppose 0 = -2*m + 6 - 2. What is the highest common divisor of m and 2?
2
Suppose 2*d + 76 + 85 = -5*l, 4*l = d + 61. Let a = -38 - d. Calculate the highest common divisor of a and 7.
7
Let o = -16 - -28. Let f(g) = 6*g**3 - 3*g**2 - g + 2. Let w be f(2). What is the highest common factor of w and o?
12
Suppose -22*c + 17*c + 205 = 0. What is the greatest common factor of 451 and c?
41
Suppose -2*q - 4*b + 60 = 0, b - 126 = -4*q - 4*b. Let l = -7 + 11. Suppose -362 = -l*f - 22. What is the greatest common factor of q and f?
17
Let c be ((-8)/(-3))/(12/18). Let q be 1 - -1 - (c - 13). What is the greatest common factor of 66 and q?
11
Let f be 27/1*(1 + 0). Let r be 2 + -1 + 2 + 1. Suppose r = b - 5. What is the highest common factor of f and b?
9
Let q be (-13)/(-3) - 4/12. Calculate the greatest common divisor of 16 and q.
4
Suppose 0 = -4*d + j + 19, -3*j - 3 = -2*j. Suppose -99 = -d*p + p. Suppose 4*b - b = p. Calculate the greatest common factor of 55 and b.
11
Let r(y) be the second derivative of y**4/12 - 7*y**3/6 + 7*y**2/2 + 3*y. Let x be r(7). Let i = x + 1. Calculate the highest common divisor of i and 20.
4
Let k(u) = 38*u + 3. Suppose -5*v + 17 = -4*z - 14, v - 4*z - 19 = 0. Let q be k(v). What is the highest common factor of q and 13?
13
Suppose 0 = -b - 2*b - 6. Let t be -2 - b - (2 + -17). Let j = -29 + 32. Calculate the greatest common factor of j and t.
3
Suppose 3*v + 6 + 0 = 5*l, 0 = 2*l - v - 3. Suppose 4*y - 78 = 5*o, y + 4 = -o - 4*y. Let q be -7*(66/o - -3). What is the greatest common factor of l and q?
3
Suppose d = -2*d - 9, q = 5*d + 25. Calculate the highest common factor of 40 and q.
10
Let s(m) = -5*m**3 - 3*m**2 - 3*m - 1. Let w be s(-1). What is the highest common factor of 1 and w?
1
Let d = 58 - 37. Suppose 20 = 5*a - 5*o, 4*a + 4*o + 5 + 11 = 0. Suppose 4*v + 4 - 16 = a. Calculate the greatest common divisor of d and v.
3
Suppose 2*c + 3*m + 2 = -1, -3 = -4*c - 3*m. Suppose -3*g - c*k + 324 = 0, 4*g - 6*g + 3*k = -216. Calculate the highest common factor of g and 12.
12
Let y be (-3)/(1/(0 - 4)). What is the highest common factor of y and 4?
4
Let r(o) = -3*o**3 + o**2 - 3*o - 3. Let y be r(-1). What is the highest common divisor of y and 20?
4
Let k be 2/7 - (-1496)/56. Let d = -7 - -10. Calculate the greatest common divisor of k and d.
3
Let z = 13 + 9. Suppose i - 1 + z = 0. Let q = 57 + i. Calculate the greatest common factor of 24 and q.
12
Let j be 2 - -4 - (1 + -1). Suppose 2*t + 252 = j*t. Calculate the highest common factor of 9 and t.
9
Suppose 6 - 34 = -u. What is the highest common factor of u and 56?
28
Suppose 0 = 4*r - 44 - 64. Let g be ((-7)/(-2))/(1/2). Let h = -4 + g. What is the greatest common divisor of h and r?
3
Let a(s) = -s**2 + 4*s + 3. Let r be a(5). Let q be r + 1 + (-1 - -6). What is the greatest common factor of 36 and q?
4
Suppose -2 + 0 = 5*m + 4*u, m = 3*u + 11. Calculate the greatest common divisor of 3 and m.
1
Suppose 232*o - 229*o = 75. Calculate the greatest common factor of o and 125.
25
Let i be 1292/18 - 16/(-72). Calculate the greatest common divisor of 24 and i.
24
Let o(z) be the first derivative of z**3/3 - 4*z**2 - 4*z - 2. Let w be o(9). What is the greatest common divisor of 1 and w?
1
Let x be 24/(-15)*(-20)/8. What is the highest common factor of 32 and x?
4
Let d be -1 + 19 + -4 + 2. Suppose -3*l - 4*w - 64 = 0, 2*l + 26 + 17 = -3*w. Let b be (8/10)/((-8)/l). What is the highest common divisor of b and d?
2
Let r = -6 + 46. What is the greatest common divisor of 20 and r?
20
Suppose -b - 6 = -3. Let p(y) = 4*y. Let s be p(b). Let i = -8 - s. Calculate the highest common divisor of i and 20.
4
Let q(h) = h**3 + 5*h**2 - 2*h - 4. Suppose 2*x + 4 + 4 = 0. Let f be q(x). What is the highest common factor of 30 and f?
10
Suppose 0 = 3*m - 12, -2*m - 5 = -3*q - 4. Suppose -10 = -5*o, -j + 5*j + q*o = 30. Calculate the highest common factor of 54 and j.
6
Let t = 10 + -5. Suppose t*s = -9 + 119. Calculate the greatest common factor of s and 11.
11
Let p(g) = -g**2 + 4*g. Let r be p(4). Suppose -4*h + a + 16 = r, 0 = -5*h + 7*a - 3*a + 31. What is the greatest common factor of h and 3?
3
Let m be 1*3 - (0 - 1). Let a = 147 - 148. Let i be 4/((m/(-2))/a). Calculate the greatest common factor of 1 and i.
1
Let w = -68 - -176. Suppose 0*b + b = 5*d - 238, 2*b = 4. Suppose -5*s = -0*s - p - 60, -4*s + d = -5*p. Calculate the greatest common divisor of w and s.
12
Suppose 2*d + 2*p = -p + 179, 2*d = -5*p + 185. What is the greatest common divisor of 17 and d?
17
Let f = -138 - -208. What is the highest common factor of 10 and f?
10
Suppose -6*u = -u - p - 453, -5*p = 5*u - 435. Suppose 0*w = 3*w + x - 59, 10 = 2*x. Calculate the greatest common divisor of w and u.
18
Let d = -4 - -6. Suppose -2*n + 384 = d*p, -n - 743 = -4*p - 0*p. Calculate the highest common divisor of 17 and p.
17
Suppose 3*w - c = 26, 5*c - c + 32 = 3*w. Let j = w - -3. What is the greatest common factor of 1 and j?
1
Let n(u) be the second derivative of -u**5/20 + u**4/3 - u**3/2 - u**2 + 2*u. Let h be n(3). Let l be -4*h*3/4. What is the greatest common factor of l and 66?
6
Suppose 0*x - 12 = -3*x. Suppose -2*t - x = -0*t. Let w be 2/4 - 13/t. Calculate the greatest common factor of 14 and w.
7
Let r be (1/4)/(2/8). Suppose -2*i + 9 = r. What is the highest common divisor of i and 44?
4
Let h = 500 - 297. What is the highest common factor of 29 and h?
29
Let f(s) = 3*s**2 - s. Suppose -m + 14 = 5*o - 2, 4*o - 15 = -3*m. Let t be f(o). What is the highest common factor of 8 and t?
8
Let r = -95 + 293. What is the highest common divisor of 18 and r?
18
Suppose 3*y = 3*t - 0*y - 30, 5*t + 3*y = 90. What is the highest common factor of t and 60?
15
Suppose -5*v + 135 = -3*l, -l = 4*v - 3*l - 106. Let q = 11 + 13. Let y = 40 - q. Calculate the highest common divisor of y and v.
8
Let v(t) = -2*t + 1. Let d be v(5). Let x = d + 27. What is the greatest common factor of 12 and x?
6
Suppose 5*s = 3*o + 3*s - 326, -5*s = -2*o + 221. What is the greatest common factor of 4 an